{"id":5,"date":"2020-10-27T18:17:49","date_gmt":"2020-10-27T18:17:49","guid":{"rendered":"https:\/\/markadur.strokur.is\/?page_id=5"},"modified":"2023-05-13T13:47:40","modified_gmt":"2023-05-13T13:47:40","slug":"shop","status":"publish","type":"page","link":"https:\/\/markadur.strokur.is\/","title":{"rendered":"Uppbo\u00f0"},"content":{"rendered":"\n<p class=\"has-text-align-justify has-medium-font-size\"><p><strong>Vegna breytinga \u00e1 \u00edslenska samf\u00e9laginu, \u00fe.e. afn\u00e1m takmarkana vegna Covid, hefur Str\u00f3kur loka\u00f0 netverslunni og b\u00fd\u00f0ur alla velkomna \u00e1 marka\u00f0 \u00ed h\u00fasn\u00e6\u00f0i s\u00ednu a\u00f0 Sk\u00f3lav\u00f6llum 1 \u00e1 Selfossi. Opi\u00f0 er m\u00e1nudaga til fimmtudaga fr\u00e1 kl 8:30 til 15:00.<\/strong><\/p><\/p>\n","protected":false},"excerpt":{"rendered":"<p>Vegna breytinga \u00e1 \u00edslenska samf\u00e9laginu, \u00fe.e. afn\u00e1m takmarkana vegna Covid, hefur Str\u00f3kur loka\u00f0 netverslunni og b\u00fd\u00f0ur alla velkomna \u00e1 marka\u00f0 \u00ed h\u00fasn\u00e6\u00f0i s\u00ednu a\u00f0 Sk\u00f3lav\u00f6llum 1 \u00e1 Selfossi. Opi\u00f0 er m\u00e1nudaga til fimmtudaga fr\u00e1 kl 8:30 til 15:00.<\/p>\n","protected":false},"author":1,"featured_media":0,"parent":0,"menu_order":0,"comment_status":"closed","ping_status":"closed","template":"","meta":{"footnotes":""},"aioseo_notices":[],"jetpack_sharing_enabled":true,"_links":{"self":[{"href":"https:\/\/markadur.strokur.is\/index.php?rest_route=\/wp\/v2\/pages\/5"}],"collection":[{"href":"https:\/\/markadur.strokur.is\/index.php?rest_route=\/wp\/v2\/pages"}],"about":[{"href":"https:\/\/markadur.strokur.is\/index.php?rest_route=\/wp\/v2\/types\/page"}],"author":[{"embeddable":true,"href":"https:\/\/markadur.strokur.is\/index.php?rest_route=\/wp\/v2\/users\/1"}],"replies":[{"embeddable":true,"href":"https:\/\/markadur.strokur.is\/index.php?rest_route=%2Fwp%2Fv2%2Fcomments&post=5"}],"version-history":[{"count":8,"href":"https:\/\/markadur.strokur.is\/index.php?rest_route=\/wp\/v2\/pages\/5\/revisions"}],"predecessor-version":[{"id":529,"href":"https:\/\/markadur.strokur.is\/index.php?rest_route=\/wp\/v2\/pages\/5\/revisions\/529"}],"wp:attachment":[{"href":"https:\/\/markadur.strokur.is\/index.php?rest_route=%2Fwp%2Fv2%2Fmedia&parent=5"}],"curies":[{"name":"wp","href":"https:\/\/api.w.org\/{rel}","templated":true}]}}

Uppboð

<p class="has-text-align-justify has-medium-font-size"><p><strong>Vegna breytinga á íslenska samfélaginu, þ.e. afnám takmarkana vegna Covid, hefur Strókur lokað netverslunni og býður alla velkomna á markað í húsnæði sínu að Skólavöllum 1 á Selfossi. Opið er mánudaga til fimmtudaga frá kl 8:30 til 15:00.</strong></p></p>

<p>Vegna breytinga á íslenska samfélaginu, þ.e. afnám takmarkana vegna Covid, hefur Strókur lokað netverslunni og býður alla velkomna á markað í húsnæði sínu að Skólavöllum 1 á Selfossi. Opið er mánudaga til fimmtudaga frá kl 8:30 til 15:00.</p>
